{"id":1041,"date":"2025-02-07T21:40:43","date_gmt":"2025-02-07T21:40:43","guid":{"rendered":"https:\/\/digitalsecurity-dz.com\/geodata\/?page_id=1041"},"modified":"2026-02-08T13:43:18","modified_gmt":"2026-02-08T13:43:18","slug":"tessera","status":"publish","type":"page","link":"https:\/\/digitalsecurity-dz.com\/geodata\/tessera\/","title":{"rendered":"Tessera"},"content":{"rendered":"\t\t<div data-elementor-type=\"wp-page\" data-elementor-id=\"1041\" class=\"elementor elementor-1041\" data-elementor-post-type=\"page\">\n\t\t\t\t\t\t<section class=\"elementor-section elementor-top-section elementor-element elementor-element-47eed19 elementor-section-full_width elementor-section-height-default elementor-section-height-default\" data-id=\"47eed19\" data-element_type=\"section\" data-e-type=\"section\" data-settings=\"{&quot;background_background&quot;:&quot;classic&quot;}\">\n\t\t\t\t\t\t\t<div class=\"elementor-background-overlay\"><\/div>\n\t\t\t\t\t\t\t<div class=\"elementor-container elementor-column-gap-no\">\n\t\t\t\t\t<div class=\"elementor-column elementor-col-100 elementor-top-column elementor-element elementor-element-db865c4\" data-id=\"db865c4\" data-element_type=\"column\" data-e-type=\"column\">\n\t\t\t<div class=\"elementor-widget-wrap\">\n\t\t\t\t\t\t\t<\/div>\n\t\t<\/div>\n\t\t\t\t\t<\/div>\n\t\t<\/section>\n\t\t<div class=\"elementor-element elementor-element-e3afdcb e-flex e-con-boxed e-con e-parent\" data-id=\"e3afdcb\" data-element_type=\"container\" data-e-type=\"container\">\n\t\t\t\t\t<div class=\"e-con-inner\">\n\t\t\t\t<div class=\"elementor-element elementor-element-cc8f8a0 elementor-widget elementor-widget-spacer\" data-id=\"cc8f8a0\" data-element_type=\"widget\" data-e-type=\"widget\" data-widget_type=\"spacer.default\">\n\t\t\t\t<div class=\"elementor-widget-container\">\n\t\t\t\t\t\t\t<div class=\"elementor-spacer\">\n\t\t\t<div class=\"elementor-spacer-inner\"><\/div>\n\t\t<\/div>\n\t\t\t\t\t\t<\/div>\n\t\t\t\t<\/div>\n\t\t\t\t\t<\/div>\n\t\t\t\t<\/div>\n\t\t<div class=\"elementor-element elementor-element-da4e9a0 e-con-full e-flex e-con e-parent\" data-id=\"da4e9a0\" data-element_type=\"container\" data-e-type=\"container\" data-settings=\"{&quot;background_background&quot;:&quot;classic&quot;}\">\n\t\t\t\t<div class=\"elementor-element elementor-element-c6fe1b5 elementor-widget elementor-widget-image-box\" data-id=\"c6fe1b5\" data-element_type=\"widget\" data-e-type=\"widget\" data-widget_type=\"image-box.default\">\n\t\t\t\t<div class=\"elementor-widget-container\">\n\t\t\t\t\t<div class=\"elementor-image-box-wrapper\"><div class=\"elementor-image-box-content\"><h1 class=\"elementor-image-box-title\">Tessera<\/h1><\/div><\/div>\t\t\t\t<\/div>\n\t\t\t\t<\/div>\n\t\t\t\t<\/div>\n\t\t<div class=\"elementor-element elementor-element-0d439af e-con-full e-flex e-con e-parent\" data-id=\"0d439af\" data-element_type=\"container\" data-e-type=\"container\" data-settings=\"{&quot;background_background&quot;:&quot;classic&quot;}\">\n\t\t\t\t<div class=\"elementor-element elementor-element-e87c711 elementor-widget elementor-widget-image\" data-id=\"e87c711\" data-element_type=\"widget\" data-e-type=\"widget\" data-widget_type=\"image.default\">\n\t\t\t\t<div class=\"elementor-widget-container\">\n\t\t\t\t\t\t\t\t\t\t\t\t\t\t\t<img fetchpriority=\"high\" decoding=\"async\" width=\"1024\" height=\"579\" src=\"https:\/\/digitalsecurity-dz.com\/geodata\/wp-content\/uploads\/2025\/02\/fond-volet-georisque--1024x579.jpg\" class=\"attachment-large size-large wp-image-1042\" alt=\"\" srcset=\"https:\/\/digitalsecurity-dz.com\/geodata\/wp-content\/uploads\/2025\/02\/fond-volet-georisque--1024x579.jpg 1024w, https:\/\/digitalsecurity-dz.com\/geodata\/wp-content\/uploads\/2025\/02\/fond-volet-georisque--300x170.jpg 300w, https:\/\/digitalsecurity-dz.com\/geodata\/wp-content\/uploads\/2025\/02\/fond-volet-georisque--768x434.jpg 768w, https:\/\/digitalsecurity-dz.com\/geodata\/wp-content\/uploads\/2025\/02\/fond-volet-georisque--600x339.jpg 600w, https:\/\/digitalsecurity-dz.com\/geodata\/wp-content\/uploads\/2025\/02\/fond-volet-georisque-.jpg 1472w\" sizes=\"(max-width: 1024px) 100vw, 1024px\" \/>\t\t\t\t\t\t\t\t\t\t\t\t\t\t\t<\/div>\n\t\t\t\t<\/div>\n\t\t\t\t<\/div>\n\t\t\t\t<section class=\"elementor-section elementor-top-section elementor-element elementor-element-3c32f4f elementor-section-full_width elementor-section-height-default elementor-section-height-default\" data-id=\"3c32f4f\" data-element_type=\"section\" data-e-type=\"section\" data-settings=\"{&quot;background_background&quot;:&quot;classic&quot;}\">\n\t\t\t\t\t\t<div class=\"elementor-container elementor-column-gap-no\">\n\t\t\t\t\t<div class=\"elementor-column elementor-col-100 elementor-top-column elementor-element elementor-element-daafe35\" data-id=\"daafe35\" data-element_type=\"column\" data-e-type=\"column\" data-settings=\"{&quot;background_background&quot;:&quot;classic&quot;}\">\n\t\t\t<div class=\"elementor-widget-wrap elementor-element-populated\">\n\t\t\t\t\t<div class=\"elementor-background-overlay\"><\/div>\n\t\t\t\t\t\t<section class=\"elementor-section elementor-inner-section elementor-element elementor-element-175c2b6 elementor-section-full_width elementor-section-height-default elementor-section-height-default\" data-id=\"175c2b6\" data-element_type=\"section\" data-e-type=\"section\" data-settings=\"{&quot;background_background&quot;:&quot;classic&quot;}\">\n\t\t\t\t\t\t<div class=\"elementor-container elementor-column-gap-no\">\n\t\t\t\t\t<div class=\"elementor-column elementor-col-25 elementor-inner-column elementor-element elementor-element-012c31c\" data-id=\"012c31c\" data-element_type=\"column\" data-e-type=\"column\">\n\t\t\t<div class=\"elementor-widget-wrap elementor-element-populated\">\n\t\t\t\t\t\t<div class=\"elementor-element elementor-element-cd2935b elementor-widget elementor-widget-heading\" data-id=\"cd2935b\" data-element_type=\"widget\" data-e-type=\"widget\" data-widget_type=\"heading.default\">\n\t\t\t\t<div class=\"elementor-widget-container\">\n\t\t\t\t\t<h6 class=\"elementor-heading-title elementor-size-default\">Comment ?<\/h6>\t\t\t\t<\/div>\n\t\t\t\t<\/div>\n\t\t\t\t\t<\/div>\n\t\t<\/div>\n\t\t\t\t<div class=\"elementor-column elementor-col-25 elementor-inner-column elementor-element elementor-element-d607043\" data-id=\"d607043\" data-element_type=\"column\" data-e-type=\"column\">\n\t\t\t<div class=\"elementor-widget-wrap elementor-element-populated\">\n\t\t\t\t\t\t<div class=\"elementor-element elementor-element-6f976c7 elementor-widget elementor-widget-image\" data-id=\"6f976c7\" data-element_type=\"widget\" data-e-type=\"widget\" data-widget_type=\"image.default\">\n\t\t\t\t<div class=\"elementor-widget-container\">\n\t\t\t\t\t\t\t\t\t\t\t\t\t\t\t<img decoding=\"async\" width=\"500\" height=\"500\" src=\"https:\/\/digitalsecurity-dz.com\/geodata\/wp-content\/uploads\/2025\/02\/Logo-Digisec-1.png\" class=\"attachment-full size-full wp-image-1014\" alt=\"\" srcset=\"https:\/\/digitalsecurity-dz.com\/geodata\/wp-content\/uploads\/2025\/02\/Logo-Digisec-1.png 500w, https:\/\/digitalsecurity-dz.com\/geodata\/wp-content\/uploads\/2025\/02\/Logo-Digisec-1-300x300.png 300w, https:\/\/digitalsecurity-dz.com\/geodata\/wp-content\/uploads\/2025\/02\/Logo-Digisec-1-150x150.png 150w, https:\/\/digitalsecurity-dz.com\/geodata\/wp-content\/uploads\/2025\/02\/Logo-Digisec-1-100x100.png 100w\" sizes=\"(max-width: 500px) 100vw, 500px\" \/>\t\t\t\t\t\t\t\t\t\t\t\t\t\t\t<\/div>\n\t\t\t\t<\/div>\n\t\t\t\t\t<\/div>\n\t\t<\/div>\n\t\t\t\t<div class=\"elementor-column elementor-col-50 elementor-inner-column elementor-element elementor-element-c7385ee\" data-id=\"c7385ee\" data-element_type=\"column\" data-e-type=\"column\">\n\t\t\t<div class=\"elementor-widget-wrap elementor-element-populated\">\n\t\t\t\t\t\t<div class=\"elementor-element elementor-element-c0e7665 elementor-widget elementor-widget-heading\" data-id=\"c0e7665\" data-element_type=\"widget\" data-e-type=\"widget\" data-widget_type=\"heading.default\">\n\t\t\t\t<div class=\"elementor-widget-container\">\n\t\t\t\t\t<h2 class=\"elementor-heading-title elementor-size-default\">Structurer vos donn\u00e9es, anticip\u00e9 avec pr\u00e9cision.<\/h2>\t\t\t\t<\/div>\n\t\t\t\t<\/div>\n\t\t\t\t<div class=\"elementor-element elementor-element-4db6d24 elementor-widget elementor-widget-image-box\" data-id=\"4db6d24\" data-element_type=\"widget\" data-e-type=\"widget\" data-widget_type=\"image-box.default\">\n\t\t\t\t<div class=\"elementor-widget-container\">\n\t\t\t\t\t<div class=\"elementor-image-box-wrapper\"><div class=\"elementor-image-box-content\"><h4 class=\"elementor-image-box-title\">Les instabilit\u00e9s g\u00e9ologiques et les risques associ\u00e9s demeurent difficiles \u00e0 cerner et peu familiers pour nombre d\u2019acteurs. Tessera intervient afin de formaliser vos \u00e9tudes et mod\u00e9liser vos projets\u202f: nous proposons des solutions sp\u00e9cifiquement adapt\u00e9es \u00e0 vos besoins, incluant des mod\u00e8les pr\u00e9dictifs et des analyses statistiques. Notre d\u00e9marche vise \u00e0 optimiser pleinement vos travaux pour atteindre un niveau d\u2019\u00e9tude rigoureux et ponctuel.<\/h4><p class=\"elementor-image-box-description\">\n<\/p><\/div><\/div>\t\t\t\t<\/div>\n\t\t\t\t<\/div>\n\t\t\t\t\t<\/div>\n\t\t<\/div>\n\t\t\t\t\t<\/div>\n\t\t<\/section>\n\t\t\t\t\t<\/div>\n\t\t<\/div>\n\t\t\t\t\t<\/div>\n\t\t<\/section>\n\t\t<div class=\"elementor-element elementor-element-e415664 e-flex e-con-boxed e-con e-parent\" data-id=\"e415664\" data-element_type=\"container\" data-e-type=\"container\">\n\t\t\t\t\t<div class=\"e-con-inner\">\n\t\t\t\t<div class=\"elementor-element elementor-element-362db26 elementor-widget elementor-widget-html\" data-id=\"362db26\" data-element_type=\"widget\" data-e-type=\"widget\" data-widget_type=\"html.default\">\n\t\t\t\t<div class=\"elementor-widget-container\">\n\t\t\t\t\t<!DOCTYPE html>\n<html lang=\"fr\">\n<head>\n  <meta charset=\"utf-8\" \/>\n  <title>Demande de service<\/title>\n  <meta name=\"viewport\" content=\"width=device-width, initial-scale=1.0\">\n  <style>\n    body {\n      font-family: sans-serif;\n      padding: 20px;\n      background-color: #f2f2f2;\n    }\n    .service-btn {\n      padding: 10px 20px;\n      background-color: #0066cc;\n      color: white;\n      border: none;\n      margin: 10px 10px 0 0;\n      cursor: pointer;\n      border-radius: 5px;\n    }\n    #formulaire {\n      max-width: 600px;\n      margin: 20px auto;\n      background: white;\n      padding: 20px;\n      border-radius: 10px;\n      box-shadow: 0 0 10px rgba(0,0,0,0.2);\n      display: none;\n    }\n    #formulaire input,\n    #formulaire select,\n    #formulaire textarea {\n      width: 100%;\n      margin-bottom: 15px;\n      padding: 10px;\n      border: 1px solid #ccc;\n      border-radius: 4px;\n    }\n    #formulaire button {\n      background-color: #007bff;\n      color: white;\n      border: none;\n      padding: 10px 20px;\n      border-radius: 5px;\n      cursor: pointer;\n    }\n    #descriptionService {\n      background:#f5f5f5;\n      padding:10px;\n      margin-bottom:10px;\n      border-radius:5px;\n      font-size: 0.95em;\n      color: #333;\n    }\n  <\/style>\n<\/head>\n<body>\n\n<h2>Nos Services<\/h2>\n\n<button class=\"service-btn\" onclick=\"declencherService('Cartographie interactive des risques')\">ThemaMAp<\/button>\n<button class=\"service-btn\" onclick=\"declencherService('Simulation et mod\u00e9lisation du risque')\">Mod\u00e8le pr\u00e9dictif <\/button>\n<button class=\"service-btn\" onclick=\"declencherService('Mod\u00e9lisation 3D 4D et 5D')\">Mod\u00e9lisation 3D, 4D & 5D<\/button>\n<button class=\"service-btn\" onclick=\"declencherService('Plan de gestion de risques')\">InstAnalyse<\/button>\n\n<button class=\"service-btn\" onclick=\"declencherService('Base de donn\u00e9es de risques')\">RisqueChrono<\/button>\n\n<div id=\"formulaire\">\n  <form id=\"contactForm\" method=\"POST\" action=\"\/geodata\/wp-content\/themes\/astra\/traitement-services.php\">\n    <h2>Demande de service<\/h2>\n\n    <div id=\"descriptionService\"><\/div>\n<input type=\"hidden\" id=\"hiddenService\" name=\"service\" value=\"\">\n<!-- honeypot -->\n<input type=\"text\" name=\"website\" style=\"display:none\" autocomplete=\"off\">\n\n\n    <label for=\"contact\">Mode de contact :<\/label>\n    <select name=\"contact\">\n      <option value=\"WhatsApp\">WhatsApp<\/option>\n      <option value=\"Appel\">Appel<\/option>\n      <option value=\"Email\">Email<\/option>\n      <option value=\"Viber\">Viber<\/option>\n      <option value=\"SMS\">SMS<\/option>\n    <\/select>\n\n    <input type=\"text\" name=\"nom\" placeholder=\"Votre nom\" required>\n    <input type=\"email\" name=\"email\" placeholder=\"Votre email\" required>\n    <input type=\"tel\" name=\"telephone\" placeholder=\"T\u00e9l\u00e9phone\">\n\n    <label for=\"rdv\">Rendez-vous :<\/label>\n    <select name=\"rdv\">\n      <option value=\"En ligne\">En ligne<\/option>\n      <option value=\"Pr\u00e9sentiel\">Pr\u00e9sentiel<\/option>\n    <\/select>\n    <input type=\"datetime-local\" name=\"datetime\" required>\n\n    <textarea name=\"message\" placeholder=\"Votre message...\"><\/textarea>\n    <button type=\"submit\">Envoyer<\/button>\n  <\/form>\n<\/div>\n\n<script>\n  const descriptionService = document.getElementById('descriptionService');\n  const formulaire = document.getElementById('formulaire');\n  const hiddenService = document.getElementById('hiddenService');\n\n  const descriptions = {\n    \"Cartographie interactive des risques\": \"Visualisation dynamique des zones \u00e0 risque sur carte interactive.\",\n    \"Simulation et mod\u00e9lisation du risque\": \"Analyse pr\u00e9dictive des risques via mod\u00e9lisation math\u00e9matique et spatiale.\",\n    \"Mod\u00e9lisation 3D 4D et 5D\": \"Repr\u00e9sentation spatiale et temporelle des risques pour l\u2019aide \u00e0 la d\u00e9cision.\",\n    \"Plan de gestion de risques\": \"Strat\u00e9gies d\u2019att\u00e9nuation et de r\u00e9ponse aux risques identifi\u00e9s.\",\n    \"Alerte et suivi\": \"Syst\u00e8mes de surveillance, d\u00e9tection pr\u00e9coce et notifications en temps r\u00e9el.\",\n    \"Base de donn\u00e9es de risques\": \"Structuration et acc\u00e8s aux donn\u00e9es historiques et actuelles li\u00e9es aux al\u00e9as.\"\n  };\n\n  function declencherService(service) {\n    formulaire.style.display = \"block\";\n    hiddenService.value = service;\n    descriptionService.innerText = descriptions[service] || \"\";\n  }\n<\/script>\n\n<\/body>\n<\/html>\n\n\n\n\t\t\t\t<\/div>\n\t\t\t\t<\/div>\n\t\t\t\t\t<\/div>\n\t\t\t\t<\/div>\n\t\t<div class=\"elementor-element elementor-element-a6f9840 e-flex e-con-boxed e-con e-parent\" data-id=\"a6f9840\" data-element_type=\"container\" data-e-type=\"container\" data-settings=\"{&quot;background_background&quot;:&quot;classic&quot;}\">\n\t\t\t\t\t<div class=\"e-con-inner\">\n\t\t\t\t<div class=\"elementor-element elementor-element-6c4bf95 elementor-align-center elementor-widget elementor-widget-button\" data-id=\"6c4bf95\" data-element_type=\"widget\" data-e-type=\"widget\" data-widget_type=\"button.default\">\n\t\t\t\t<div class=\"elementor-widget-container\">\n\t\t\t\t\t\t\t\t\t<div class=\"elementor-button-wrapper\">\n\t\t\t\t\t<a class=\"elementor-button elementor-button-link elementor-size-sm\" href=\"https:\/\/digitalsecurity-dz.com\/geodata\/carte\/\">\n\t\t\t\t\t\t<span class=\"elementor-button-content-wrapper\">\n\t\t\t\t\t\t\t\t\t<span class=\"elementor-button-text\">Ouvrir la carte<\/span>\n\t\t\t\t\t<\/span>\n\t\t\t\t\t<\/a>\n\t\t\t\t<\/div>\n\t\t\t\t\t\t\t\t<\/div>\n\t\t\t\t<\/div>\n\t\t\t\t\t<\/div>\n\t\t\t\t<\/div>\n\t\t\t\t<\/div>\n\t\t","protected":false},"excerpt":{"rendered":"<p>Tessera Comment ? Structurer vos donn\u00e9es, anticip\u00e9 avec pr\u00e9cision. Les instabilit\u00e9s g\u00e9ologiques et les risques associ\u00e9s demeurent difficiles \u00e0 cerner et peu familiers pour nombre d\u2019acteurs. Tessera intervient afin de formaliser vos \u00e9tudes et mod\u00e9liser vos projets\u202f: nous proposons des solutions sp\u00e9cifiquement adapt\u00e9es \u00e0 vos besoins, incluant des mod\u00e8les pr\u00e9dictifs et des analyses statistiques. Notre [&hellip;]<\/p>\n","protected":false},"author":1,"featured_media":0,"parent":0,"menu_order":0,"comment_status":"closed","ping_status":"closed","template":"","meta":{"site-sidebar-layout":"no-sidebar","site-content-layout":"page-builder","ast-site-content-layout":"full-width-container","site-content-style":"unboxed","site-sidebar-style":"unboxed","ast-global-header-display":"","ast-banner-title-visibility":"","ast-main-header-display":"","ast-hfb-above-header-display":"","ast-hfb-below-header-display":"","ast-hfb-mobile-header-display":"","site-post-title":"disabled","ast-breadcrumbs-content":"","ast-featured-img":"disabled","footer-sml-layout":"","ast-disable-related-posts":"","theme-transparent-header-meta":"enabled","adv-header-id-meta":"","stick-header-meta":"","header-above-stick-meta":"","header-main-stick-meta":"","header-below-stick-meta":"","astra-migrate-meta-layouts":"set","ast-page-background-enabled":"default","ast-page-background-meta":{"desktop":{"background-color":"var(--ast-global-color-4)","background-image":"","background-repeat":"repeat","background-position":"center center","background-size":"auto","background-attachment":"scroll","background-type":"","background-media":"","overlay-type":"","overlay-color":"","overlay-opacity":"","overlay-gradient":""},"tablet":{"background-color":"","background-image":"","background-repeat":"repeat","background-position":"center center","background-size":"auto","background-attachment":"scroll","background-type":"","background-media":"","overlay-type":"","overlay-color":"","overlay-opacity":"","overlay-gradient":""},"mobile":{"background-color":"","background-image":"","background-repeat":"repeat","background-position":"center center","background-size":"auto","background-attachment":"scroll","background-type":"","background-media":"","overlay-type":"","overlay-color":"","overlay-opacity":"","overlay-gradient":""}},"ast-content-background-meta":{"desktop":{"background-color":"var(--ast-global-color-5)","background-image":"","background-repeat":"repeat","background-position":"center center","background-size":"auto","background-attachment":"scroll","background-type":"","background-media":"","overlay-type":"","overlay-color":"","overlay-opacity":"","overlay-gradient":""},"tablet":{"background-color":"var(--ast-global-color-5)","background-image":"","background-repeat":"repeat","background-position":"center center","background-size":"auto","background-attachment":"scroll","background-type":"","background-media":"","overlay-type":"","overlay-color":"","overlay-opacity":"","overlay-gradient":""},"mobile":{"background-color":"var(--ast-global-color-5)","background-image":"","background-repeat":"repeat","background-position":"center center","background-size":"auto","background-attachment":"scroll","background-type":"","background-media":"","overlay-type":"","overlay-color":"","overlay-opacity":"","overlay-gradient":""}},"footnotes":""},"class_list":["post-1041","page","type-page","status-publish","hentry"],"_links":{"self":[{"href":"https:\/\/digitalsecurity-dz.com\/geodata\/wp-json\/wp\/v2\/pages\/1041","targetHints":{"allow":["GET"]}}],"collection":[{"href":"https:\/\/digitalsecurity-dz.com\/geodata\/wp-json\/wp\/v2\/pages"}],"about":[{"href":"https:\/\/digitalsecurity-dz.com\/geodata\/wp-json\/wp\/v2\/types\/page"}],"author":[{"embeddable":true,"href":"https:\/\/digitalsecurity-dz.com\/geodata\/wp-json\/wp\/v2\/users\/1"}],"replies":[{"embeddable":true,"href":"https:\/\/digitalsecurity-dz.com\/geodata\/wp-json\/wp\/v2\/comments?post=1041"}],"version-history":[{"count":132,"href":"https:\/\/digitalsecurity-dz.com\/geodata\/wp-json\/wp\/v2\/pages\/1041\/revisions"}],"predecessor-version":[{"id":1645,"href":"https:\/\/digitalsecurity-dz.com\/geodata\/wp-json\/wp\/v2\/pages\/1041\/revisions\/1645"}],"wp:attachment":[{"href":"https:\/\/digitalsecurity-dz.com\/geodata\/wp-json\/wp\/v2\/media?parent=1041"}],"curies":[{"name":"wp","href":"https:\/\/api.w.org\/{rel}","templated":true}]}}